{"id":9122,"date":"2025-10-22T07:05:30","date_gmt":"2025-10-22T07:05:30","guid":{"rendered":"https:\/\/www.kyk.com.tr\/?post_type=product&#038;p=9122"},"modified":"2026-04-27T14:38:27","modified_gmt":"2026-04-27T14:38:27","slug":"megaizo-bant-kt-s910","status":"publish","type":"product","link":"https:\/\/www.kyk.com.tr\/?product=megaizo-bant-kt-s910","title":{"rendered":"Mega\u0130zo Bant KT S910"},"content":{"rendered":"<div  class='flex_column av-7zjtpv-4df98ae893b595f3015bc11ef87f1cb6 av_one_third  avia-builder-el-0  el_before_av_one_half  avia-builder-el-first  first flex_column_div  '     ><style type=\"text\/css\" data-created_by=\"avia_inline_auto\" id=\"style-css-av-mgj7wwih-90127a12bbe3b7882b66c849ecc973a5\">\n.avia-image-container.av-mgj7wwih-90127a12bbe3b7882b66c849ecc973a5 img.avia_image{\nbox-shadow:none;\n}\n.avia-image-container.av-mgj7wwih-90127a12bbe3b7882b66c849ecc973a5 .av-image-caption-overlay-center{\ncolor:#ffffff;\n}\n<\/style>\n<div  class='avia-image-container av-mgj7wwih-90127a12bbe3b7882b66c849ecc973a5 av-styling- avia-align-center  avia-builder-el-1  avia-builder-el-no-sibling '   itemprop=\"image\" itemscope=\"itemscope\" itemtype=\"https:\/\/schema.org\/ImageObject\" ><div class=\"avia-image-container-inner\"><div class=\"avia-image-overlay-wrap\"><img decoding=\"async\" fetchpriority=\"high\" class='wp-image-9124 avia-img-lazy-loading-not-9124 avia_image ' src=\"https:\/\/www.kyk.com.tr\/wp-content\/uploads\/2025\/10\/s910.png\" alt='' title='s910'  height=\"739\" width=\"1107\"  itemprop=\"thumbnailUrl\" srcset=\"https:\/\/www.kyk.com.tr\/wp-content\/uploads\/2025\/10\/s910.png 1107w, https:\/\/www.kyk.com.tr\/wp-content\/uploads\/2025\/10\/s910-300x200.png 300w, https:\/\/www.kyk.com.tr\/wp-content\/uploads\/2025\/10\/s910-1030x688.png 1030w, https:\/\/www.kyk.com.tr\/wp-content\/uploads\/2025\/10\/s910-768x513.png 768w, https:\/\/www.kyk.com.tr\/wp-content\/uploads\/2025\/10\/s910-705x471.png 705w, https:\/\/www.kyk.com.tr\/wp-content\/uploads\/2025\/10\/s910-450x300.png 450w, https:\/\/www.kyk.com.tr\/wp-content\/uploads\/2025\/10\/s910-600x401.png 600w\" sizes=\"(max-width: 1107px) 100vw, 1107px\" \/><\/div><\/div><\/div><\/div>\n<div  class='flex_column av-5bwr3n-e6057858b41dbdf730d08b90830207e5 av_one_half  avia-builder-el-2  el_after_av_one_third  el_before_av_two_third  flex_column_div  '     ><section  class='av_textblock_section av-mgj7x47t-4366b52eba0c20a9fb43a9356c0ea39a '   itemscope=\"itemscope\" itemtype=\"https:\/\/schema.org\/CreativeWork\" ><div class='avia_textblock'  itemprop=\"text\" ><h1>Mega\u0130zo Bant KT S910<\/h1>\n<\/div><\/section><br \/>\n\n<style type=\"text\/css\" data-created_by=\"avia_inline_auto\" id=\"style-css-av-mgj7yf2d-a8695c7cfda9f65d364f356c904f4582\">\n#top .av_textblock_section.av-mgj7yf2d-a8695c7cfda9f65d364f356c904f4582 .avia_textblock{\nfont-size:14px;\n}\n<\/style>\n<section  class='av_textblock_section av-mgj7yf2d-a8695c7cfda9f65d364f356c904f4582 '   itemscope=\"itemscope\" itemtype=\"https:\/\/schema.org\/CreativeWork\" ><div class='avia_textblock'  itemprop=\"text\" ><p><strong>Mega\u0130zo Bant KT S910: Termoplastik elastomer esasl\u0131, yap\u0131larda kenar k\u00f6\u015fe birle\u015fim yerlerinde s\u0131zd\u0131rmazl\u0131k i\u00e7in uygulanan ke\u00e7e ta\u015f\u0131y\u0131c\u0131l\u0131 pah band\u0131d\u0131r.<\/strong><\/p>\n<\/div><\/section><\/p><\/div>\n<div  class='flex_column av-4uzm37-67522fedf7c16050c87a8dd248082033 av_two_third  avia-builder-el-5  el_after_av_one_half  el_before_av_one_third  first flex_column_div  column-top-margin'     ><section  class='av_textblock_section av-mgj7yzbj-60e713dfb329126db9fb8d674c3ba584 '   itemscope=\"itemscope\" itemtype=\"https:\/\/schema.org\/CreativeWork\" ><div class='avia_textblock'  itemprop=\"text\" ><h4>\u00a0 \u00a0 \u00dcR\u00dcN\u00dcN AVANTAJLARI<\/h4>\n<\/div><\/section><br \/>\n\n<style type=\"text\/css\" data-created_by=\"avia_inline_auto\" id=\"style-css-av-mgj80ncm-8e0312bda79355112214f545da71884e\">\n#top .av_textblock_section.av-mgj80ncm-8e0312bda79355112214f545da71884e .avia_textblock{\nfont-size:14px;\n}\n<\/style>\n<section  class='av_textblock_section av-mgj80ncm-8e0312bda79355112214f545da71884e '   itemscope=\"itemscope\" itemtype=\"https:\/\/schema.org\/CreativeWork\" ><div class='avia_textblock'  itemprop=\"text\" ><ul>\n<li>Kolay uygulan\u0131r.<\/li>\n<li>Solventli s\u00fcrme su yal\u0131t\u0131m sistemlerinde, kullan\u0131ma uygundur.<\/li>\n<li>Y\u00fcksek elastikiyete sahiptir.<\/li>\n<li>S\u0131cakl\u0131k de\u011fi\u015fimlerine kar\u015f\u0131 dayan\u0131kl\u0131d\u0131r.<\/li>\n<\/ul>\n<\/div><\/section><\/p><\/div>\n<div  class='flex_column av-37wcar-9bb9357facf84f818590addb012a8f47 av_one_third  avia-builder-el-8  el_after_av_two_third  el_before_av_toggle_container  flex_column_div  column-top-margin'     ><section  class='av_textblock_section av-mgj818to-85faed20d04dc5ee4415db9afd1b3a24 '   itemscope=\"itemscope\" itemtype=\"https:\/\/schema.org\/CreativeWork\" ><div class='avia_textblock'  itemprop=\"text\" ><h4>TEKN\u0130K BELGELER<\/h4>\n<\/div><\/section><br \/>\n<section  class='av_textblock_section av-mgj81f1c-b89260be6ac3b11b0ebe89e4168b6ea3 '   itemscope=\"itemscope\" itemtype=\"https:\/\/schema.org\/CreativeWork\" ><div class='avia_textblock'  itemprop=\"text\" ><p><a href=\"https:\/\/www.kyk.com.tr\/wp-content\/uploads\/2026\/04\/s910_tds.pdf\" target=\"_blank\" rel=\"noopener\"><img loading=\"lazy\" decoding=\"async\" class=\"alignnone wp-image-8657 size-full\" src=\"https:\/\/www.kyk.com.tr\/wp-content\/uploads\/2025\/10\/TDS_1.jpg\" alt=\"\" width=\"410\" height=\"41\" srcset=\"https:\/\/www.kyk.com.tr\/wp-content\/uploads\/2025\/10\/TDS_1.jpg 410w, https:\/\/www.kyk.com.tr\/wp-content\/uploads\/2025\/10\/TDS_1-300x30.jpg 300w\" sizes=\"auto, (max-width: 410px) 100vw, 410px\" \/><\/a><br \/>\n<a href=\"https:\/\/www.kyk.com.tr\/wp-content\/uploads\/2025\/10\/s910_msds.pdf\" target=\"_blank\" rel=\"noopener\"><img loading=\"lazy\" decoding=\"async\" class=\"alignnone size-full wp-image-8656\" src=\"https:\/\/www.kyk.com.tr\/wp-content\/uploads\/2025\/10\/MSDS_1.jpg\" alt=\"\" width=\"410\" height=\"41\" srcset=\"https:\/\/www.kyk.com.tr\/wp-content\/uploads\/2025\/10\/MSDS_1.jpg 410w, https:\/\/www.kyk.com.tr\/wp-content\/uploads\/2025\/10\/MSDS_1-300x30.jpg 300w\" sizes=\"auto, (max-width: 410px) 100vw, 410px\" \/><\/a><\/p>\n<\/div><\/section><\/p><\/div>\n<style type=\"text\/css\" data-created_by=\"avia_inline_auto\" id=\"style-css-av-mgj87mph-d0f6db00514ff143b6911fa4040c2b9b\">\n#top .togglecontainer.av-mgj87mph-d0f6db00514ff143b6911fa4040c2b9b h6.toggler{\nfont-size:17px;\ncolor:#003e73;\n}\n#top .togglecontainer.av-mgj87mph-d0f6db00514ff143b6911fa4040c2b9b h6.toggler .toggle_icon{\ncolor:#003e73;\nborder-color:#003e73;\n}\n#top .togglecontainer.av-mgj87mph-d0f6db00514ff143b6911fa4040c2b9b h6.toggler .toggle_icon > span{\ncolor:#003e73;\nborder-color:#003e73;\n}\n#top .togglecontainer.av-mgj87mph-d0f6db00514ff143b6911fa4040c2b9b .toggle_wrap .toggle_content{\nfont-size:14px;\ncolor:#003e73;\n}\n<\/style>\n<div  class='togglecontainer av-mgj87mph-d0f6db00514ff143b6911fa4040c2b9b av-minimal-toggle  avia-builder-el-11  el_after_av_one_third  avia-builder-el-last  toggle_close_all' >\n<section class='av_toggle_section av-mgj82603-2e3cf0339b84671b7f078a9e189257d3'  itemscope=\"itemscope\" itemtype=\"https:\/\/schema.org\/CreativeWork\" ><div role=\"tablist\" class=\"single_toggle\" data-tags=\"{T\u00fcm\u00fc} \"  ><h6 id='toggle-toggle-id-1' data-fake-id='#toggle-id-1' class='toggler  av-title-above '  itemprop=\"headline\"  role='tab' tabindex='0' aria-controls='toggle-id-1' data-slide-speed=\"200\" data-title=\"KULLANIM ALANLARI\" data-title-open=\"\" data-aria_collapsed=\"Click to expand: KULLANIM ALANLARI\" data-aria_expanded=\"Click to collapse: KULLANIM ALANLARI\">KULLANIM ALANLARI<span class=\"toggle_icon\"><span class=\"vert_icon\"><\/span><span class=\"hor_icon\"><\/span><\/span><\/h6><div id='toggle-id-1' aria-labelledby='toggle-toggle-id-1' role='region' class='toggle_wrap  av-title-above'  ><div class='toggle_content invers-color '  itemprop=\"text\" ><p><strong>Mega\u0130zo Bant KT S910;<\/strong> banyo, tuvalet, balkon, teras gibi \u0131slak hacimlerde, duvar ve duvar d\u00f6\u015feme birle\u015fim noktalar\u0131nda, havuz, su deposu gibi s\u00fcrekli \u0131slak b\u00f6lgelerde, boru etraflar\u0131, \u00e7at\u0131 birle\u015fim yerleri gibi yal\u0131t\u0131m zaafiyeti olan b\u00f6lgelerde s\u0131zd\u0131rmazl\u0131k sa\u011flar. Yap\u0131sal olmayan derzlerin yal\u0131t\u0131m\u0131nda kullan\u0131l\u0131r. \u0130\u00e7 ve d\u0131\u015f mekanlarda, yatay ve d\u00fc\u015fey y\u00fczeylerde kullan\u0131ma uygundur.<\/p>\n<\/div><\/div><\/div><\/section>\n<section class='av_toggle_section av-mgj85cbf-d9a7b307d1d6517f1740211bd245e43b'  itemscope=\"itemscope\" itemtype=\"https:\/\/schema.org\/CreativeWork\" ><div role=\"tablist\" class=\"single_toggle\" data-tags=\"{T\u00fcm\u00fc} \"  ><h6 id='toggle-toggle-id-2' data-fake-id='#toggle-id-2' class='toggler  av-title-above '  itemprop=\"headline\"  role='tab' tabindex='0' aria-controls='toggle-id-2' data-slide-speed=\"200\" data-title=\"PERFORMANS B\u0130LG\u0130LER\u0130\" data-title-open=\"\" data-aria_collapsed=\"Click to expand: PERFORMANS B\u0130LG\u0130LER\u0130\" data-aria_expanded=\"Click to collapse: PERFORMANS B\u0130LG\u0130LER\u0130\">PERFORMANS B\u0130LG\u0130LER\u0130<span class=\"toggle_icon\"><span class=\"vert_icon\"><\/span><span class=\"hor_icon\"><\/span><\/span><\/h6><div id='toggle-id-2' aria-labelledby='toggle-toggle-id-2' role='region' class='toggle_wrap  av-title-above'  ><div class='toggle_content invers-color '  itemprop=\"text\" ><table width=\"596\">\n<tbody>\n<tr>\n<td width=\"351\"><strong>A\u00c7IKLAMA<\/strong><\/td>\n<td width=\"90\"><strong>DE\u011eER<\/strong><\/td>\n<td width=\"155\"><strong>STANDART<\/strong><\/td>\n<\/tr>\n<tr>\n<td width=\"351\"><strong>Su bas\u0131nc\u0131 dayan\u0131m\u0131<\/strong><\/td>\n<td width=\"90\"><strong>\u00a01,5 bar<\/strong><\/td>\n<td width=\"155\"><\/td>\n<\/tr>\n<tr>\n<td width=\"351\"><strong>Y\u0131rt\u0131lma mukavemeti<\/strong><\/td>\n<td width=\"90\"><strong>25 kN\/m<\/strong><\/td>\n<td width=\"155\"><strong>ISO 37, DIN 53504<\/strong><\/td>\n<\/tr>\n<tr>\n<td width=\"351\"><strong>Kopma uzama<\/strong><\/td>\n<td width=\"90\"><strong>\u2265 %740<\/strong><\/td>\n<td width=\"155\"><strong>ISO 37, DIN 53504<\/strong><\/td>\n<\/tr>\n<tr>\n<td width=\"351\"><strong>S\u0131cakl\u0131k dayan\u0131m\u0131<\/strong><\/td>\n<td width=\"90\"><strong>-45 \/ +90\u00b0C<\/strong><\/td>\n<td width=\"155\"><\/td>\n<\/tr>\n<tr>\n<td width=\"351\"><strong>Sertlik(Shore A)<\/strong><\/td>\n<td width=\"90\"><strong>65<\/strong><\/td>\n<td width=\"155\"><strong>ISO 868<\/strong><\/td>\n<\/tr>\n<\/tbody>\n<\/table>\n<p>Bu de\u011ferler laboratuvar \u015fartlar\u0131nda; 23 \u00b1 2\u00b0C ve %50 \u00b1 5 ba\u011f\u0131l nem ortam\u0131nda yap\u0131lan deneyler sonucunda elde edilmi\u015ftir. Tabloda verilen de\u011ferler y\u00fczey ve ortam ko\u015fullar\u0131na g\u00f6re farkl\u0131l\u0131k g\u00f6sterebilir.<\/p>\n<\/div><\/div><\/div><\/section>\n<\/div><\/p>\n","protected":false},"excerpt":{"rendered":"","protected":false},"featured_media":9124,"comment_status":"closed","ping_status":"closed","template":"","meta":{"_acf_changed":false},"product_brand":[],"product_cat":[60],"product_tag":[],"class_list":{"0":"post-9122","1":"product","2":"type-product","3":"status-publish","4":"has-post-thumbnail","6":"product_cat-su_yalitim_malzemeleri","8":"first","9":"instock","10":"shipping-taxable","11":"product-type-simple"},"acf":[],"_links":{"self":[{"href":"https:\/\/www.kyk.com.tr\/index.php?rest_route=\/wp\/v2\/product\/9122","targetHints":{"allow":["GET"]}}],"collection":[{"href":"https:\/\/www.kyk.com.tr\/index.php?rest_route=\/wp\/v2\/product"}],"about":[{"href":"https:\/\/www.kyk.com.tr\/index.php?rest_route=\/wp\/v2\/types\/product"}],"replies":[{"embeddable":true,"href":"https:\/\/www.kyk.com.tr\/index.php?rest_route=%2Fwp%2Fv2%2Fcomments&post=9122"}],"wp:featuredmedia":[{"embeddable":true,"href":"https:\/\/www.kyk.com.tr\/index.php?rest_route=\/wp\/v2\/media\/9124"}],"wp:attachment":[{"href":"https:\/\/www.kyk.com.tr\/index.php?rest_route=%2Fwp%2Fv2%2Fmedia&parent=9122"}],"wp:term":[{"taxonomy":"product_brand","embeddable":true,"href":"https:\/\/www.kyk.com.tr\/index.php?rest_route=%2Fwp%2Fv2%2Fproduct_brand&post=9122"},{"taxonomy":"product_cat","embeddable":true,"href":"https:\/\/www.kyk.com.tr\/index.php?rest_route=%2Fwp%2Fv2%2Fproduct_cat&post=9122"},{"taxonomy":"product_tag","embeddable":true,"href":"https:\/\/www.kyk.com.tr\/index.php?rest_route=%2Fwp%2Fv2%2Fproduct_tag&post=9122"}],"curies":[{"name":"wp","href":"https:\/\/api.w.org\/{rel}","templated":true}]}}